{"id":20,"date":"2025-03-24T05:56:51","date_gmt":"2025-03-24T05:56:51","guid":{"rendered":"https:\/\/sangmaitennguoi.hcmus.edu.vn\/thitructuyen\/?page_id=20"},"modified":"2026-03-01T10:47:34","modified_gmt":"2026-03-01T03:47:34","slug":"dang-nhap","status":"publish","type":"page","link":"https:\/\/sangmaitennguoi.hcmus.edu.vn\/thitructuyen\/","title":{"rendered":"\u0110\u0102NG NH\u1eacP"},"content":{"rendered":"<div class=\"row\"  id=\"row-910198774\">\n\n\t<div id=\"col-56637170\" class=\"col small-12 large-12\"  >\n\t\t\t\t<div class=\"col-inner\"  >\n\t\t\t\n\t\t\t\n\n  \n    <div class=\"row large-columns-1 medium-columns-1 small-columns-1\" >\n  <div class=\"col post-item\" >\n\t\t\t<div class=\"col-inner\">\n\t\t\t\t<div class=\"box box-normal box-text-bottom box-blog-post has-hover\">\n          \t\t\t\t\t<div class=\"box-text text-center is-large\" >\n\t\t\t\t\t<div class=\"box-text-inner blog-post-inner\">\n\n\t\t\t\t\t\n\t\t\t\t\t\t\t\t\t\t<h5 class=\"post-title is-large \">\n\t\t\t\t\t\t<a href=\"https:\/\/sangmaitennguoi.hcmus.edu.vn\/thitructuyen\/108-2\/\" class=\"plain\">\u0110\u1ee3t 2 V\u00f2ng lo\u1ea1i Ph\u1ea7n thi S\u00e1ng m\u00e3i ni\u1ec1m tin &#8211; H\u1ed9i thi H\u1ecdc t\u1eadp v\u00e0 l\u00e0m theo B\u00e1c \u201cS\u00e1ng m\u00e3i t\u00ean Ng\u01b0\u1eddi\u201d l\u1ea7n th\u1ee9 XII &#8211; N\u0103m 2026<\/a>\n\t\t\t\t\t<\/h5>\n\t\t\t\t\t\t\t\t\t\t<div class=\"is-divider\"><\/div>\n\t\t\t\t\t                    \n\t\t\t\t\t\n\t\t\t\t\t\n\t\t\t\t\t<\/div>\n\t\t\t\t\t<\/div>\n\t\t\t\t\t\t\t\t\t<\/div>\n\t\t\t<\/div>\n\t\t<\/div><\/div>\n\t\t<\/div>\n\t\t\t\t\t<\/div>\n\n\t\n<\/div>\n","protected":false},"excerpt":{"rendered":"","protected":false},"author":2,"featured_media":0,"parent":0,"menu_order":0,"comment_status":"closed","ping_status":"closed","template":"","meta":{"footnotes":""},"class_list":["post-20","page","type-page","status-publish","hentry"],"_links":{"self":[{"href":"https:\/\/sangmaitennguoi.hcmus.edu.vn\/thitructuyen\/wp-json\/wp\/v2\/pages\/20","targetHints":{"allow":["GET"]}}],"collection":[{"href":"https:\/\/sangmaitennguoi.hcmus.edu.vn\/thitructuyen\/wp-json\/wp\/v2\/pages"}],"about":[{"href":"https:\/\/sangmaitennguoi.hcmus.edu.vn\/thitructuyen\/wp-json\/wp\/v2\/types\/page"}],"author":[{"embeddable":true,"href":"https:\/\/sangmaitennguoi.hcmus.edu.vn\/thitructuyen\/wp-json\/wp\/v2\/users\/2"}],"replies":[{"embeddable":true,"href":"https:\/\/sangmaitennguoi.hcmus.edu.vn\/thitructuyen\/wp-json\/wp\/v2\/comments?post=20"}],"version-history":[{"count":9,"href":"https:\/\/sangmaitennguoi.hcmus.edu.vn\/thitructuyen\/wp-json\/wp\/v2\/pages\/20\/revisions"}],"predecessor-version":[{"id":93,"href":"https:\/\/sangmaitennguoi.hcmus.edu.vn\/thitructuyen\/wp-json\/wp\/v2\/pages\/20\/revisions\/93"}],"wp:attachment":[{"href":"https:\/\/sangmaitennguoi.hcmus.edu.vn\/thitructuyen\/wp-json\/wp\/v2\/media?parent=20"}],"curies":[{"name":"wp","href":"https:\/\/api.w.org\/{rel}","templated":true}]}}